{"id":262,"date":"2020-07-31T08:09:02","date_gmt":"2020-07-31T08:09:02","guid":{"rendered":"https:\/\/lmf.lielaisdzintars.lv\/?page_id=262"},"modified":"2020-09-15T11:16:54","modified_gmt":"2020-09-15T11:16:54","slug":"lmf-nosleguma-koncerts-galaktiskais-celojums-ar-stokhauzenu","status":"publish","type":"page","link":"https:\/\/lmf.lielaisdzintars.lv\/index.php\/lmf-nosleguma-koncerts-galaktiskais-celojums-ar-stokhauzenu\/","title":{"rendered":"LMF nosl\u0113guma koncerts. Galaktiskais ce\u013cojums ar \u0160tokhauzenu"},"content":{"rendered":"\n<p>27.09. SV\u0112TDIENA 17.00<\/p>\n\n\n\n<figure class=\"wp-block-gallery columns-3 is-cropped wp-block-gallery-1 is-layout-flex wp-block-gallery-is-layout-flex\"><ul class=\"blocks-gallery-grid\"><li class=\"blocks-gallery-item\"><figure><a href=\"https:\/\/lmf.lielaisdzintars.lv\/wp-content\/uploads\/2020\/07\/42833033711_8c2b3e14a5_o-scaled.jpg\"><img loading=\"lazy\" decoding=\"async\" width=\"300\" height=\"200\" src=\"https:\/\/lmf.lielaisdzintars.lv\/wp-content\/uploads\/2020\/07\/42833033711_8c2b3e14a5_o-300x200.jpg\" alt=\"\" data-id=\"264\" data-full-url=\"https:\/\/lmf.lielaisdzintars.lv\/wp-content\/uploads\/2020\/07\/42833033711_8c2b3e14a5_o-scaled.jpg\" data-link=\"https:\/\/lmf.lielaisdzintars.lv\/?attachment_id=264\" class=\"wp-image-264\" srcset=\"https:\/\/lmf.lielaisdzintars.lv\/wp-content\/uploads\/2020\/07\/42833033711_8c2b3e14a5_o-300x200.jpg 300w, https:\/\/lmf.lielaisdzintars.lv\/wp-content\/uploads\/2020\/07\/42833033711_8c2b3e14a5_o-1024x683.jpg 1024w, https:\/\/lmf.lielaisdzintars.lv\/wp-content\/uploads\/2020\/07\/42833033711_8c2b3e14a5_o-768x512.jpg 768w, https:\/\/lmf.lielaisdzintars.lv\/wp-content\/uploads\/2020\/07\/42833033711_8c2b3e14a5_o-1536x1024.jpg 1536w, https:\/\/lmf.lielaisdzintars.lv\/wp-content\/uploads\/2020\/07\/42833033711_8c2b3e14a5_o-600x400.jpg 600w\" sizes=\"auto, (max-width: 300px) 100vw, 300px\" \/><\/a><\/figure><\/li><li class=\"blocks-gallery-item\"><figure><a href=\"https:\/\/lmf.lielaisdzintars.lv\/wp-content\/uploads\/2020\/07\/Signale-5-hcmf.jpg\"><img loading=\"lazy\" decoding=\"async\" width=\"300\" height=\"225\" src=\"https:\/\/lmf.lielaisdzintars.lv\/wp-content\/uploads\/2020\/07\/Signale-5-hcmf-300x225.jpg\" alt=\"\" data-id=\"263\" data-full-url=\"https:\/\/lmf.lielaisdzintars.lv\/wp-content\/uploads\/2020\/07\/Signale-5-hcmf.jpg\" data-link=\"https:\/\/lmf.lielaisdzintars.lv\/?attachment_id=263\" class=\"wp-image-263\" srcset=\"https:\/\/lmf.lielaisdzintars.lv\/wp-content\/uploads\/2020\/07\/Signale-5-hcmf-300x225.jpg 300w, https:\/\/lmf.lielaisdzintars.lv\/wp-content\/uploads\/2020\/07\/Signale-5-hcmf-768x576.jpg 768w, https:\/\/lmf.lielaisdzintars.lv\/wp-content\/uploads\/2020\/07\/Signale-5-hcmf-800x600.jpg 800w, https:\/\/lmf.lielaisdzintars.lv\/wp-content\/uploads\/2020\/07\/Signale-5-hcmf-600x450.jpg 600w, https:\/\/lmf.lielaisdzintars.lv\/wp-content\/uploads\/2020\/07\/Signale-5-hcmf.jpg 960w\" sizes=\"auto, (max-width: 300px) 100vw, 300px\" \/><\/a><\/figure><\/li><li class=\"blocks-gallery-item\"><figure><a href=\"https:\/\/lmf.lielaisdzintars.lv\/wp-content\/uploads\/2020\/07\/42833035021_1005e5bd39_o-scaled.jpg\"><img loading=\"lazy\" decoding=\"async\" width=\"300\" height=\"200\" src=\"https:\/\/lmf.lielaisdzintars.lv\/wp-content\/uploads\/2020\/07\/42833035021_1005e5bd39_o-300x200.jpg\" alt=\"\" data-id=\"265\" data-full-url=\"https:\/\/lmf.lielaisdzintars.lv\/wp-content\/uploads\/2020\/07\/42833035021_1005e5bd39_o-scaled.jpg\" data-link=\"https:\/\/lmf.lielaisdzintars.lv\/?attachment_id=265\" class=\"wp-image-265\" srcset=\"https:\/\/lmf.lielaisdzintars.lv\/wp-content\/uploads\/2020\/07\/42833035021_1005e5bd39_o-300x200.jpg 300w, https:\/\/lmf.lielaisdzintars.lv\/wp-content\/uploads\/2020\/07\/42833035021_1005e5bd39_o-1024x683.jpg 1024w, https:\/\/lmf.lielaisdzintars.lv\/wp-content\/uploads\/2020\/07\/42833035021_1005e5bd39_o-768x512.jpg 768w, https:\/\/lmf.lielaisdzintars.lv\/wp-content\/uploads\/2020\/07\/42833035021_1005e5bd39_o-1536x1024.jpg 1536w, https:\/\/lmf.lielaisdzintars.lv\/wp-content\/uploads\/2020\/07\/42833035021_1005e5bd39_o-600x400.jpg 600w\" sizes=\"auto, (max-width: 300px) 100vw, 300px\" \/><\/a><\/figure><\/li><\/ul><\/figure>\n\n\n\n<p><em>\u201cHipnotiskais, instal\u0101cijai l\u012bdz\u012bgais rezult\u0101ts bija k\u0101 filma \u201cZvaig\u017e\u0146u kari\u201d, kas izlaista caur avangarda filtru\u201d [Laikraksts \u201cKeskisuomalainen\u201d]<\/em><\/p>\n\n\n\n<p><em>\u201cIespaid\u012bgs, skaists galaktiskais ce\u013cojums!\u201d [klaus\u012bt\u0101ja reakcija p\u0113c koncerta Gent\u0113, Be\u013c\u0123ij\u0101]<\/em><\/p>\n\n\n\n<p><em>\u201cIr gr\u016bti v\u0101rdos aprakst\u012bt, cik uzmundrino\u0161a un aizraujo\u0161a bija \u0161\u012b izr\u0101de. Verp\u016bsta video m\u016bs vien\u0101 br\u012bd\u012b ieved kosmisk\u0101 bezgal\u012bb\u0101, bet cit\u0101 it k\u0101 sa\u0161aurina l\u012bdz kaut kam bezgal\u012bgi mazam, \u0161\u0137idrum\u0101 peldo\u0161am. Tas bija t\u0101 it k\u0101 es dzird\u0113tu \u0160tokhauzena \u201cOktophonie\u201d atkal pirmo reizi, l\u012bdz sirds dzi\u013cumiem br\u012bni\u0161\u0137\u012bgi!\u201d &#8211; komponists<\/em><em> <\/em>Saimons Kamingss <em>(Simon Cummings)<\/em><\/p>\n\n\n\n<p>Festiv\u0101la nosl\u0113guma koncerts ir amerik\u0101\u0146u izcelsmes trombonista Tomasa M\u016bra un n\u012bderlandie\u0161u video m\u0101kslinieka Kl\u0101sa Verp\u016bsta ekspans\u012bva audiovizu\u0101la darba rezult\u0101ts, kuru abi m\u0101kslinieki rad\u012bju\u0161i ar maksim\u0101lu cie\u0146u pret 20. gadsimta spilgt\u0101 komponista, inovatora Karlheinca \u0160tokhauzena paveikto. Koncerts ir iesp\u0113ja vienlaikus dzird\u0113t divus \u0160tokhauzena \u0161edevrus &#8211; <em>Signale zur Invasion<\/em> (1992) un <em>Octophonie<\/em> (1991), kas ir da\u013ca no monument\u0101la 7 dienu operas cikla <em>Dienstag aus Licht<\/em>. \u0160aj\u0101 koncert\u0101 filmu re\u017eisors Kl\u0101ss Verp\u016bsts pied\u0101v\u0101 grandiozas kust\u012bgas video formas, kas it k\u0101 aprij trombonistu Tomasu M\u016bru, kur\u0161 savuk\u0101rt kustas un sp\u0113l\u0113 nevis, k\u0101 ierasts, uz skatuves, bet gan skat\u012bt\u0101ju vid\u016b.<\/p>\n\n\n\n<p>Karlheincs \u0160tokhauzens (<em>Karlheinz Stockhausen<\/em>) bija radik\u0101ls, \u0101rk\u0101rt\u012bgi svar\u012bgs, bet taj\u0101 pa\u0161\u0101 laik\u0101 ar\u012b pretrun\u012bgi v\u0113rt\u0113ts inovators. Vi\u0146\u0161 ir ar\u012b viens no vissvar\u012bg\u0101kajiem pag\u0101ju\u0161\u0101 gadsimta muzik\u0101lajiem pr\u0101tiem. Vi\u0146a elektronisk\u0101 m\u016bzika iedvesmojusi vair\u0101kas m\u016bzi\u0137u paaudzes, ar\u012b \u0101rpus t\u0101 saukt\u0101s m\u0101kslas m\u016bzikas jomas. Vi\u0146\u0161 p\u0101rk\u0101pa noteikumus un \u0161\u0137\u0113rsoja robe\u017eas. Vi\u0146a m\u016bzika bija \u0101rk\u0101rt\u012bgi sare\u017e\u0123\u012bta, ta\u010du vienlaikus ar\u012b jutekliska un saisto\u0161a. D\u017eons Lenons un Pols Makartnijs bija \u0160tokhauzena fani (klausieties ska\u0146darbu <em>Revolution # 9<\/em>), tolaik jaun\u0101 Bjorka rakst\u012bja vi\u0146am v\u0113stules, un \u0161\u0137iet, ka ar\u012b Mobijs nov\u0113rt\u0113 v\u0101cu ska\u0146u burvja graujo\u0161o m\u0101ksliniecisko raksturu.<\/p>\n\n\n\n<p>M\u0101kslinieki ar \u0161o koncertu uzst\u0101ju\u0161ies Be\u013c\u0123ij\u0101, Ukrain\u0101, Lielbrit\u0101nij\u0101, Amerikas Savienotaj\u0101s valst\u012bs un Somij\u0101. Latvij\u0101 trombonists Tomass M\u016brs viesosies pirmo reizi, bet video m\u0101kslinieka Kl\u0101sa Verp\u016bsta sniegums p\u0113rn bija redzams \u201cLiep\u0101jas M\u0101kslas foruma\u201d atkl\u0101\u0161anas koncert\u0101 &#8211; \u201cMortons Feldmans. Gu\u013co\u0161ais koncerts\u201d.<\/p>\n\n\n\n<p><strong>M\u0101kslinieki:&nbsp;<\/strong><\/p>\n\n\n\n<p>Tomass M\u016brs <em>(Thomas R. Moore<\/em>), trombons<\/p>\n\n\n\n<p>Kl\u0101ss Verp\u016bsta (<em>Klaas Verpoest<\/em>), video<\/p>\n\n\n\n<p>Patriks Del\u017es (<em>Patrick Delges<\/em>),<em> Centre Henri Pousseur<\/em>, ska\u0146u in\u017eenieris&nbsp;<\/p>\n\n\n\n<figure class=\"wp-block-embed-youtube wp-block-embed is-type-video is-provider-youtube wp-embed-aspect-16-9 wp-has-aspect-ratio\"><div class=\"wp-block-embed__wrapper\">\n<iframe loading=\"lazy\" title=\"Teaser - Stockhausen | Signale zur Invasion | Trombone &amp; Electronics\" width=\"1060\" height=\"596\" src=\"https:\/\/www.youtube.com\/embed\/3l4mExBG1hc?feature=oembed\" frameborder=\"0\" allow=\"accelerometer; autoplay; encrypted-media; gyroscope; picture-in-picture\" allowfullscreen><\/iframe>\n<\/div><\/figure>\n\n\n\n<p>Pas\u0101kums paredz\u0113ts pieaugu\u0161o auditorijai. Uz pas\u0101kumiem, kas paredz\u0113ti pieaugu\u0161o auditorijai, b\u0113rni l\u012bdz 5 gadu vecumam var netikt ielaisti.<\/p>\n\n\n\n<p><strong>Norises ilgums: <\/strong>aptuveni 1 stunda<br><strong>Bi\u013cetes:<\/strong> s\u0101kot no 10,00 eiro.\u00a0 <em>Pas\u0101kumam tuvojoties, bi\u013ce\u0161u cena var tikt main\u012bta.<\/em><br><strong>Norises vieta:<\/strong> Liel\u0101 z\u0101le<br><strong>Organiz\u0113:<\/strong> Lielais dzintars sadarb\u012bb\u0101 ar <em>Muziekcentrum De Bijloke Gent<\/em> un <em>Centre Henri Pousseur<\/em><strong>Atbalsta<\/strong>: Liep\u0101jas pa\u0161vald\u012bba un Valsts kult\u016brkapit\u0101la fonds<\/p>\n\n\n\n<div class=\"wp-block-buttons is-layout-flex wp-block-buttons-is-layout-flex\">\n<div class=\"wp-block-button\"><a class=\"wp-block-button__link has-background\" href=\"https:\/\/www.bilesuparadize.lv\/lv\/event\/82703\" style=\"background-color:#e6453e\">pirkt bi\u013cetes<\/a><\/div>\n<\/div>\n","protected":false},"excerpt":{"rendered":"<p>27.09. SV\u0112TDIENA 17.00 \u201cHipnotiskais, instal\u0101cijai l\u012bdz\u012bgais rezult\u0101ts bija k\u0101 filma \u201cZvaig\u017e\u0146u kari\u201d, kas izlaista caur avangarda filtru\u201d [Laikraksts \u201cKeskisuomalainen\u201d] \u201cIespaid\u012bgs, skaists galaktiskais ce\u013cojums!\u201d [klaus\u012bt\u0101ja reakcija p\u0113c koncerta Gent\u0113, Be\u013c\u0123ij\u0101] \u201cIr gr\u016bti v\u0101rdos aprakst\u012bt, cik uzmundrino\u0161a un aizraujo\u0161a bija \u0161\u012b izr\u0101de. Verp\u016bsta video m\u016bs vien\u0101 br\u012bd\u012b&#8230;<\/p>\n","protected":false},"author":1,"featured_media":0,"parent":0,"menu_order":0,"comment_status":"closed","ping_status":"closed","template":"","meta":{"footnotes":""},"class_list":["post-262","page","type-page","status-publish","hentry"],"_links":{"self":[{"href":"https:\/\/lmf.lielaisdzintars.lv\/index.php\/wp-json\/wp\/v2\/pages\/262","targetHints":{"allow":["GET"]}}],"collection":[{"href":"https:\/\/lmf.lielaisdzintars.lv\/index.php\/wp-json\/wp\/v2\/pages"}],"about":[{"href":"https:\/\/lmf.lielaisdzintars.lv\/index.php\/wp-json\/wp\/v2\/types\/page"}],"author":[{"embeddable":true,"href":"https:\/\/lmf.lielaisdzintars.lv\/index.php\/wp-json\/wp\/v2\/users\/1"}],"replies":[{"embeddable":true,"href":"https:\/\/lmf.lielaisdzintars.lv\/index.php\/wp-json\/wp\/v2\/comments?post=262"}],"version-history":[{"count":4,"href":"https:\/\/lmf.lielaisdzintars.lv\/index.php\/wp-json\/wp\/v2\/pages\/262\/revisions"}],"predecessor-version":[{"id":681,"href":"https:\/\/lmf.lielaisdzintars.lv\/index.php\/wp-json\/wp\/v2\/pages\/262\/revisions\/681"}],"wp:attachment":[{"href":"https:\/\/lmf.lielaisdzintars.lv\/index.php\/wp-json\/wp\/v2\/media?parent=262"}],"curies":[{"name":"wp","href":"https:\/\/api.w.org\/{rel}","templated":true}]}}