{"id":245,"date":"2020-07-31T08:04:06","date_gmt":"2020-07-31T08:04:06","guid":{"rendered":"https:\/\/lmf.lielaisdzintars.lv\/?page_id=245"},"modified":"2020-07-31T08:16:06","modified_gmt":"2020-07-31T08:16:06","slug":"kaka-un-pavasaris-izrade-berniem-un-vecakiem","status":"publish","type":"page","link":"https:\/\/lmf.lielaisdzintars.lv\/index.php\/kaka-un-pavasaris-izrade-berniem-un-vecakiem\/","title":{"rendered":"Kaka un pavasaris. Izr\u0101de b\u0113rniem un vec\u0101kiem"},"content":{"rendered":"\n<p><strong>27.09. SV\u0112TDIENA<\/strong>&nbsp;<strong>11.00 un 13.00 LMF. Kaka un pavasaris. Izr\u0101de b\u0113rniem un vec\u0101kiem&nbsp;<\/strong><\/p>\n\n\n\n<p>Re\u017eisora J\u0101\u0146a Znoti\u0146a un aktrises Ances Mui\u017enieces izr\u0101de b\u0113rniem un vec\u0101kiem veidota p\u0113c popul\u0101r\u0101 igau\u0146u rakstnieka Andrusa Kivirehka gr\u0101matas \u201cKaka un pavasaris\u201d mot\u012bviem. Guntara Godi\u0146a tulkot\u0101 gr\u0101mata, kas 2012. gad\u0101 izn\u0101ca b\u0113rnu gr\u0101matu izdevniec\u012bb\u0101 \u201cLiels un mazs\u201d, ir piedz\u012bvojusi jau divas las\u012bt\u0101ju izpirktas tir\u0101\u017eas un iem\u012b\u013cota l\u012bdz ar citiem \u0161\u012b autora latviski tulkotajiem darbiem \u2013 \u201cLote no izgudrot\u0101ju ciema\u201d un \u201cSirl\u012b, S\u012bms un nosl\u0113pumi\u201d.&nbsp;<\/p>\n\n\n\n<p>Izr\u0101de ir ne vien skat\u012bt\u0101ju iecien\u012bta, bet iev\u0113rota ar\u012b no te\u0101tra profesion\u0101\u013cu puses \u2013 t\u0101 ieguvusi \u201cSp\u0113lma\u0146u nakts\u201d balvu 2015.\/2016. gada sezon\u0101 k\u0101 gada izr\u0101de b\u0113rniem vai pusaud\u017eiem.<br>J\u0101nis Znoti\u0146\u0161: \u201cB\u0113rnu izr\u0101des veidoju, lai mu\u013c\u0137ojoties sniegtu b\u0113rniem j\u0113gpilnu stundu, kur\u0101 vi\u0146i iem\u0101c\u0101s ko jaunu. Manupr\u0101t, Andruss Kivirehks to lieliski paveic savos st\u0101stos \u2013 vi\u0146\u0161 ar provoc\u0113jo\u0161u mu\u013c\u0137\u012bbu sasniedz dzi\u013cu j\u0113gu par pasaules k\u0101rt\u012bbu.\u201d&nbsp;<br><br>Gr\u0101mata run\u0101 par svar\u012bg\u0101m b\u0113rna aug\u0161anas procesa t\u0113m\u0101m \u2013 \u0123\u0113rb\u0161anos, m\u0101c\u012b\u0161anos las\u012bt, attiec\u012bb\u0101m b\u0113rnud\u0101rz\u0101 u.c. Izr\u0101dei izv\u0113l\u0113tie st\u0101sti atkl\u0101j \u0161aj\u0101s noris\u0113s kopsakar\u012bbas, kuras b\u0113rns v\u0113l, iesp\u0113jams, nesaskata, piem\u0113ram, silta \u0123\u0113rb\u0161an\u0101s \u2013 slim\u012bba.&nbsp;<\/p>\n\n\n\n<p>Izr\u0101de \u201cKaka un pavasaris\u201d tapusi ar p\u0101rliec\u012bbu,&nbsp;\u201clai kaut ko iem\u0101c\u012btos, vajag, lai ir interesanti un jautri,\u201d saka Ance Mui\u017eniece.<br><br>Izr\u0101des vizu\u0101lajos materi\u0101los izmantotas Edmunda Jansona ilustr\u0101cijas gr\u0101matai \u201cKaka un pavasaris\u201d.<\/p>\n\n\n\n<p><strong>M\u0101kslinieki:&nbsp;<\/strong><\/p>\n\n\n\n<p>Re\u017eisors: J\u0101nis Znoti\u0146\u0161<br>Scenogr\u0101fs: R\u016bdolfs Beki\u010ds<br>Aktieri: Ance Mui\u017eniece, J\u0101nis Znoti\u0146\u0161<\/p>\n\n\n\n<figure class=\"wp-block-embed-youtube wp-block-embed is-type-video is-provider-youtube wp-embed-aspect-16-9 wp-has-aspect-ratio\"><div class=\"wp-block-embed__wrapper\">\n<iframe loading=\"lazy\" title=\"Aspr\u0101t\u012bga izr\u0101de b\u0113rniem \u201cKaka un pavasaris\u201d\" width=\"1060\" height=\"596\" src=\"https:\/\/www.youtube.com\/embed\/ABPThzbfRMA?feature=oembed\" frameborder=\"0\" allow=\"accelerometer; autoplay; encrypted-media; gyroscope; picture-in-picture\" allowfullscreen><\/iframe>\n<\/div><\/figure>\n\n\n\n<p><strong>Norises ilgums:&nbsp;<\/strong>Aptuveni 1 stunda, vien\u0101 da\u013c\u0101<br><strong>Bi\u013cetes:<\/strong>&nbsp;8,00 eiro<br>P\u0113rkot 5 un vair\u0101k bi\u013cetes \u2013 atlaide 25%.<br>B\u0113rniem l\u012bdz 2 gadu vecumam ieeja bez maksas. B\u0113rniem, kas vec\u0101ki par 2 gadiem, j\u0101ieg\u0101d\u0101jas atsevi\u0161\u0137a ieejas bi\u013cete.<br><strong>Norises vieta:<\/strong>&nbsp;Liel\u0101 dzintara Liel\u0101 z\u0101le<br><strong>Organiz\u0113:<\/strong>&nbsp;Lielais dzintars. Izr\u0101de tapusi sadarb\u012bb\u0101 ar izdevniec\u012bbu \u201cLiels un mazs\u201d<strong>Atbalsta<\/strong>: Liep\u0101jas pa\u0161vald\u012bba un Valsts kult\u016brkapit\u0101la fonds<\/p>\n\n\n\n<div class=\"wp-block-buttons is-layout-flex wp-block-buttons-is-layout-flex\">\n<div class=\"wp-block-button\"><a class=\"wp-block-button__link has-background\" href=\"https:\/\/www.bilesuparadize.lv\/lv\/event\/82527\" style=\"background-color:#e6453e\" target=\"_blank\" rel=\"noreferrer noopener\">PIRKT BI\u013bETES UZ IZR\u0100DI 11.00<\/a><\/div>\n<\/div>\n\n\n\n<div class=\"wp-block-buttons is-layout-flex wp-block-buttons-is-layout-flex\">\n<div class=\"wp-block-button\"><a class=\"wp-block-button__link has-background\" href=\"https:\/\/www.bilesuparadize.lv\/lv\/event\/82528\" style=\"background-color:#e6453e\" target=\"_blank\" rel=\"noreferrer noopener\">pIRKT BI\u013bETES UZ IZR\u0100DI 13.00<\/a><\/div>\n<\/div>\n\n\n\n<p><\/p>\n","protected":false},"excerpt":{"rendered":"<p>27.09. SV\u0112TDIENA&nbsp;11.00 un 13.00 LMF. Kaka un pavasaris. Izr\u0101de b\u0113rniem un vec\u0101kiem&nbsp; Re\u017eisora J\u0101\u0146a Znoti\u0146a un aktrises Ances Mui\u017enieces izr\u0101de b\u0113rniem un vec\u0101kiem veidota p\u0113c popul\u0101r\u0101 igau\u0146u rakstnieka Andrusa Kivirehka gr\u0101matas \u201cKaka un pavasaris\u201d mot\u012bviem. Guntara Godi\u0146a tulkot\u0101 gr\u0101mata, kas 2012. gad\u0101 izn\u0101ca b\u0113rnu gr\u0101matu&#8230;<\/p>\n","protected":false},"author":1,"featured_media":0,"parent":0,"menu_order":0,"comment_status":"closed","ping_status":"closed","template":"","meta":{"footnotes":""},"class_list":["post-245","page","type-page","status-publish","hentry"],"_links":{"self":[{"href":"https:\/\/lmf.lielaisdzintars.lv\/index.php\/wp-json\/wp\/v2\/pages\/245","targetHints":{"allow":["GET"]}}],"collection":[{"href":"https:\/\/lmf.lielaisdzintars.lv\/index.php\/wp-json\/wp\/v2\/pages"}],"about":[{"href":"https:\/\/lmf.lielaisdzintars.lv\/index.php\/wp-json\/wp\/v2\/types\/page"}],"author":[{"embeddable":true,"href":"https:\/\/lmf.lielaisdzintars.lv\/index.php\/wp-json\/wp\/v2\/users\/1"}],"replies":[{"embeddable":true,"href":"https:\/\/lmf.lielaisdzintars.lv\/index.php\/wp-json\/wp\/v2\/comments?post=245"}],"version-history":[{"count":4,"href":"https:\/\/lmf.lielaisdzintars.lv\/index.php\/wp-json\/wp\/v2\/pages\/245\/revisions"}],"predecessor-version":[{"id":272,"href":"https:\/\/lmf.lielaisdzintars.lv\/index.php\/wp-json\/wp\/v2\/pages\/245\/revisions\/272"}],"wp:attachment":[{"href":"https:\/\/lmf.lielaisdzintars.lv\/index.php\/wp-json\/wp\/v2\/media?parent=245"}],"curies":[{"name":"wp","href":"https:\/\/api.w.org\/{rel}","templated":true}]}}