{"id":1408,"date":"2022-06-29T10:51:57","date_gmt":"2022-06-29T10:51:57","guid":{"rendered":"https:\/\/lmf.lielaisdzintars.lv\/?page_id=1408"},"modified":"2022-09-14T11:58:07","modified_gmt":"2022-09-14T11:58:07","slug":"lmf-citroni-un-medus-rigas-cirka-izrade","status":"publish","type":"page","link":"https:\/\/lmf.lielaisdzintars.lv\/index.php\/lmf-citroni-un-medus-rigas-cirka-izrade\/","title":{"rendered":"LMF. CITRONI UN MEDUS. R\u012aGAS CIRKA IZR\u0100DE"},"content":{"rendered":"\n<figure class=\"wp-block-image size-large is-resized\"><img loading=\"lazy\" decoding=\"async\" src=\"https:\/\/lmf.lielaisdzintars.lv\/wp-content\/uploads\/2022\/06\/CitroniMedus_16pret9_FB-1024x576.jpg\" alt=\"\" class=\"wp-image-1409\" width=\"1024\" height=\"576\" srcset=\"https:\/\/lmf.lielaisdzintars.lv\/wp-content\/uploads\/2022\/06\/CitroniMedus_16pret9_FB-1024x576.jpg 1024w, https:\/\/lmf.lielaisdzintars.lv\/wp-content\/uploads\/2022\/06\/CitroniMedus_16pret9_FB-300x169.jpg 300w, https:\/\/lmf.lielaisdzintars.lv\/wp-content\/uploads\/2022\/06\/CitroniMedus_16pret9_FB-768x432.jpg 768w, https:\/\/lmf.lielaisdzintars.lv\/wp-content\/uploads\/2022\/06\/CitroniMedus_16pret9_FB-1536x864.jpg 1536w, https:\/\/lmf.lielaisdzintars.lv\/wp-content\/uploads\/2022\/06\/CitroniMedus_16pret9_FB.jpg 1920w\" sizes=\"auto, (max-width: 1024px) 100vw, 1024px\" \/><\/figure>\n\n\n\n<p><strong>\u201cLiep\u0101jas M\u0101kslas forum\u0101\u201d \u0123imenes iepriecin\u0101s R\u012bgas cirks!<\/strong><\/p>\n\n\n\n<p><strong>R\u012bgas cirka produc\u0113t\u0101 izr\u0101de \u201cCitroni un medus\u201d ir aizkustino\u0161s un br\u012b\u017eiem dauzon\u012bgs st\u0101sts par draudz\u012bbu, priekiem, skumj\u0101m un ikdieni\u0161\u0137\u0101m dz\u012bves situ\u0101cij\u0101m, kas par\u0101da, ka katr\u0101 dz\u012bves nopietn\u012bb\u0101 var saskat\u012bt prieku un sp\u0113li.<\/strong><\/p>\n\n\n\n<p>Kad puisim ir labs un draudz\u012bgs noska\u0146ojums, tad meitenei nav. Un otr\u0101di! Tom\u0113r ir br\u012b\u017ei, kad sapra\u0161an\u0101s ir iesp\u0113jama \u2013 t\u0101pat k\u0101 ir iesp\u0113jams salto, dzied\u0101\u0161ana, st\u0101vot otram uz pleciem, un prasme veikli no\u0137ert kr\u012bto\u0161u pu\u0137upodu. Cirks ir prieks un br\u012bnums, un k\u0101p\u0113c lai t\u0101da neb\u016btu ar\u012b dz\u012bve un attiec\u012bbas!<\/p>\n\n\n\n<p>\u0160o amizanto un rota\u013c\u012bgo st\u0101stu mazajiem skat\u012bt\u0101jiem izdejos un izdzied\u0101s divi aizraut\u012bgi gaisa akrob\u0101ti Gr\u0113te Grosa (<em>Grete Gross<\/em>) no Igaunijas un Juha-Mati Eskelinens (<em>Juha-Matti Eskelinen<\/em>) no Somijas.<\/p>\n\n\n\n<p>P\u0113c pirm\u0101s izr\u0101des (s\u0101kas plkst. 11.00) beig\u0101m gan b\u0113rni, gan pieaugu\u0161ie tiks aicin\u0101ti apg\u016bt da\u017e\u0101dus \u017eongl\u0113\u0161anas un veikl\u012bbas trikus, piedaloties \u012bpa\u0161\u0101s meistarklas\u0113s, kuras vad\u012bs R\u012bgas cirka profesion\u0101\u013ci. Tie, kuri apmekl\u0113s izr\u0101di plkst. 14.00, \u0161aj\u0101s meistarklas\u0113s var\u0113s piedal\u012bties pirms izr\u0101des s\u0101kuma plkst. 13.00.<\/p>\n\n\n\n<div class=\"wp-block-columns is-layout-flex wp-container-core-columns-is-layout-9d6595d7 wp-block-columns-is-layout-flex\">\n<div class=\"wp-block-column is-layout-flow wp-block-column-is-layout-flow\" style=\"flex-basis:100%\">\n<figure class=\"wp-block-embed is-type-video is-provider-youtube wp-block-embed-youtube wp-embed-aspect-16-9 wp-has-aspect-ratio\"><div class=\"wp-block-embed__wrapper\">\n<iframe loading=\"lazy\" title=\"LMF. R\u012aGAS CIRKA IZR\u0100DE &quot;CITRONI UN MEDUS&quot; UN MEISTARKLASES B\u0112RNIEM\" width=\"1060\" height=\"596\" src=\"https:\/\/www.youtube.com\/embed\/xAfnLoGxPDU?feature=oembed\" frameborder=\"0\" allow=\"accelerometer; autoplay; clipboard-write; encrypted-media; gyroscope; picture-in-picture\" allowfullscreen title=\"LMF. R\u012aGAS CIRKA IZR\u0100DE \"CITRONI UN MEDUS\" UN MEISTARKLASES B\u0112RNIEM\"><\/iframe>\n<\/div><\/figure>\n<\/div>\n<\/div>\n\n\n\n<p><strong>Apmekl\u0113t\u0101ji var\u0113s iesaist\u012bties 3 da\u017e\u0101d\u0101s meistarklas\u0113s:<\/strong><\/p>\n\n\n\n<ul class=\"wp-block-list\"><li>\u017eongl\u0113\u0161anas stacija (bumbi\u0146as)<\/li><li>\u017eongl\u0113\u0161anas stacija (lakati\u0146i un \u0137\u012bnie\u0161u \u0161\u0137\u012bv\u012b\u0161i)<\/li><li>l\u012bdzsvara stacija (\u0137ekatas un l\u012bdzsvara ped\u0101l\u012b\u0161i, k\u0101 ar\u012b staig\u0101jamie spain\u012b\u0161i maz\u0101kiem b\u0113rniem)<\/li><\/ul>\n\n\n\n<p><strong>Izr\u0101des m\u0113r\u0137auditorija:<\/strong>&nbsp;b\u0113rni vecum\u0101 no 4 l\u012bdz 13 gadiem<\/p>\n\n\n\n<p><strong>Ar gardiem dz\u0113rieniem un ko\u0161iem p\u0101rsteigumiem pas\u0101kuma apmekl\u0113t\u0101jus pirms izr\u0101des sagaid\u012bs dab\u012bgo limon\u0101\u017eu ra\u017eot\u0101js \u201cGardu muti\u201d.<\/strong><\/p>\n\n\n\n<p><strong>Piedal\u0101s:<\/strong><\/p>\n\n\n\n<p>Duo Homeles Moreles: Gr\u0113te Grosa un Juha-Mati Eskelinens<br>konsult\u0113jo\u0161\u0101 horeogr\u0101fe: Agnese Vanaga<\/p>\n\n\n\n<p><strong>Meistarklases vad\u012bs:<\/strong><br>R\u012bgas cirka profesion\u0101\u013ci<\/p>\n\n\n\n<p><strong>Gr\u0113te Grosa<\/strong>&nbsp;(<em>Grete Gross<\/em>) jau kop\u0161 b\u0113rn\u012bbas aizraujas ar gaisa akrob\u0101tiku \u2013 vispirms vi\u0146a 9 gadus m\u0101c\u012bj\u0101s cirka studij\u0101 Folie Tallin\u0101, bet 2015. gad\u0101 ieguva augst\u0101ko izgl\u012bt\u012bbu&nbsp;<em>SaSak Circus&nbsp;<\/em>skol\u0101 Somij\u0101, specializ\u0113joties gaisa akrob\u0101tik\u0101. Kop\u0161 augstskolas beig\u0161anas m\u0101ksliniece str\u0101d\u0101jusi ar vair\u0101k\u0101m starptautisk\u0101m cirka trup\u0101m Igaunij\u0101 un Somij\u0101 (<em>Big Wolf Company, Mago, Stunt Theatre Kajakas<\/em>), k\u0101 ar\u012b guvusi atzin\u012bbu k\u0101 solo m\u0101ksliniece.<\/p>\n\n\n\n<p><strong>Juha Mati Eskelinens<\/strong>&nbsp;(<em>Juha-Matti Eskelinen<\/em>) ir cirka m\u0101kslinieks no Somijas. Vi\u0146\u0161 pabeidzis<em>&nbsp;SaSak Circus<\/em>&nbsp;augstskolu Somij\u0101, specializ\u0113joties gr\u012bdas akrob\u0101tik\u0101 un akrob\u0101tik\u0101 ar \u0137\u012bnie\u0161u k\u0101rti. Pirms iest\u0101\u0161an\u0101s \u0161aj\u0101 skol\u0101 Juha nodarboj\u0101s ar park\u016bru un sporta dej\u0101m. Juha-Mati ir str\u0101d\u0101jis ar vair\u0101k\u0101m starptautisk\u0101m komp\u0101nij\u0101m (<em>Cirque de Puces, Sch\u00fc\u00fc<\/em>) un k\u0101 solo m\u0101kslinieks.<\/p>\n\n\n\n<p><strong>Norises vieta:<\/strong>&nbsp;Kamerz\u0101le<br><strong>Koncerts vien\u0101 da\u013c\u0101, norises ilgums:<\/strong>&nbsp;aptuveni 1 stunda<br><strong>Organiz\u0113:<\/strong>&nbsp;Lielais dzintars sadarb\u012bb\u0101 ar R\u012bgas cirku<br><strong>Atbalsta:<\/strong>&nbsp;Liep\u0101jas pa\u0161vald\u012bba un Eiropas Re\u0123ion\u0101l\u0101s att\u012bst\u012bbas fonds<br><strong>Bi\u013cetes:<\/strong>&nbsp;10.00 eiro.<\/p>\n\n\n\n<p><em>Pas\u0101kumam tuvojoties bi\u013ce\u0161u cena var tikt main\u012bta.<\/em><\/p>\n\n\n\n<p><strong>Apmekl\u0113 vair\u0101kus \u201cLiep\u0101jas M\u0101kslas foruma\u201d pas\u0101kumus par izdev\u012bg\u0101k\u0101m cen\u0101m. Pied\u0101v\u0101jums darbojas, ieg\u0101d\u0101joties bi\u013cetes uz da\u017e\u0101diem koncertiem:<\/strong><\/p>\n\n\n\n<ul class=\"wp-block-list\"><li>1 koncerts = standarta cena<\/li><li>2 koncerti = 1 bi\u013cete par 10 eiro*<\/li><li>3 un vair\u0101k koncerti = 1 bi\u013cete par 7 eiro*<\/li><\/ul>\n\n\n\n<p>*Atlaides nesumm\u0113jas. Pied\u0101v\u0101jums pieejams, ieg\u0101d\u0101joties bi\u013cetes \u201cBi\u013ce\u0161u parad\u012bzes\u201d kl\u0101tienes kas\u0113s vis\u0101 Latvij\u0101.<\/p>\n\n\n\n<p><strong>Atlaides:<\/strong><\/p>\n\n\n\n<ul class=\"wp-block-list\"><li>Skol\u0113niem, studentiem, pasniedz\u0113jiem, pension\u0101riem \u2013 25%<\/li><li>Person\u0101m ar I un II grupas invalidit\u0101ti, k\u0101 ar\u012b vi\u0146u pavado\u0146iem \u2013 50%<\/li><li>\u0122imenes bi\u013cetes 1 vai 2 pieaugu\u0161ie + 2 b\u0113rni (vai vair\u0101k) \u2013 25%<\/li><\/ul>\n\n\n\n<p><em>NB. Apmekl\u0113jot koncertu, apmekl\u0113t\u0101jam ir j\u0101uzr\u0101da atlaidi apliecino\u0161s dokuments.<\/em><\/p>\n\n\n\n<p><strong>Grupu bi\u013cetes:<\/strong><\/p>\n\n\n\n<ul class=\"wp-block-list\"><li>10-29 personas \u2013 20%<\/li><li>30 un vair\u0101k personas -25%<\/li><\/ul>\n\n\n\n<div class=\"wp-block-buttons is-layout-flex wp-block-buttons-is-layout-flex\">\n<div class=\"wp-block-button\"><a class=\"wp-block-button__link\" href=\"https:\/\/www.bilesuparadize.lv\/lv\/performance\/24077\" target=\"_blank\" rel=\"noreferrer noopener\">Pirkt bi\u013cetes<\/a><\/div>\n<\/div>\n","protected":false},"excerpt":{"rendered":"<p>\u201cLiep\u0101jas M\u0101kslas forum\u0101\u201d \u0123imenes iepriecin\u0101s R\u012bgas cirks! R\u012bgas cirka produc\u0113t\u0101 izr\u0101de \u201cCitroni un medus\u201d ir aizkustino\u0161s un br\u012b\u017eiem dauzon\u012bgs st\u0101sts par draudz\u012bbu, priekiem, skumj\u0101m un ikdieni\u0161\u0137\u0101m dz\u012bves situ\u0101cij\u0101m, kas par\u0101da, ka katr\u0101 dz\u012bves nopietn\u012bb\u0101 var saskat\u012bt prieku un sp\u0113li. Kad puisim ir labs un draudz\u012bgs&#8230;<\/p>\n","protected":false},"author":1,"featured_media":0,"parent":0,"menu_order":0,"comment_status":"closed","ping_status":"closed","template":"","meta":{"footnotes":""},"class_list":["post-1408","page","type-page","status-publish","hentry"],"_links":{"self":[{"href":"https:\/\/lmf.lielaisdzintars.lv\/index.php\/wp-json\/wp\/v2\/pages\/1408","targetHints":{"allow":["GET"]}}],"collection":[{"href":"https:\/\/lmf.lielaisdzintars.lv\/index.php\/wp-json\/wp\/v2\/pages"}],"about":[{"href":"https:\/\/lmf.lielaisdzintars.lv\/index.php\/wp-json\/wp\/v2\/types\/page"}],"author":[{"embeddable":true,"href":"https:\/\/lmf.lielaisdzintars.lv\/index.php\/wp-json\/wp\/v2\/users\/1"}],"replies":[{"embeddable":true,"href":"https:\/\/lmf.lielaisdzintars.lv\/index.php\/wp-json\/wp\/v2\/comments?post=1408"}],"version-history":[{"count":10,"href":"https:\/\/lmf.lielaisdzintars.lv\/index.php\/wp-json\/wp\/v2\/pages\/1408\/revisions"}],"predecessor-version":[{"id":1449,"href":"https:\/\/lmf.lielaisdzintars.lv\/index.php\/wp-json\/wp\/v2\/pages\/1408\/revisions\/1449"}],"wp:attachment":[{"href":"https:\/\/lmf.lielaisdzintars.lv\/index.php\/wp-json\/wp\/v2\/media?parent=1408"}],"curies":[{"name":"wp","href":"https:\/\/api.w.org\/{rel}","templated":true}]}}