{"id":1032,"date":"2021-07-30T15:01:46","date_gmt":"2021-07-30T15:01:46","guid":{"rendered":"https:\/\/lmf.lielaisdzintars.lv\/?page_id=1032"},"modified":"2021-09-17T06:11:05","modified_gmt":"2021-09-17T06:11:05","slug":"muzibas-rituali-latvijas-radio-koris","status":"publish","type":"page","link":"https:\/\/lmf.lielaisdzintars.lv\/index.php\/muzibas-rituali-latvijas-radio-koris\/","title":{"rendered":"M\u016a\u017d\u012aBAS RITU\u0100LI. LATVIJAS RADIO KORIS"},"content":{"rendered":"\n<figure class=\"wp-block-image size-large\"><img loading=\"lazy\" decoding=\"async\" width=\"1024\" height=\"576\" src=\"https:\/\/lmf.lielaisdzintars.lv\/wp-content\/uploads\/2021\/08\/LMF21_HDTV_1920x1080pix-10-1024x576.jpg\" alt=\"\" class=\"wp-image-1091\" srcset=\"https:\/\/lmf.lielaisdzintars.lv\/wp-content\/uploads\/2021\/08\/LMF21_HDTV_1920x1080pix-10-1024x576.jpg 1024w, https:\/\/lmf.lielaisdzintars.lv\/wp-content\/uploads\/2021\/08\/LMF21_HDTV_1920x1080pix-10-300x169.jpg 300w, https:\/\/lmf.lielaisdzintars.lv\/wp-content\/uploads\/2021\/08\/LMF21_HDTV_1920x1080pix-10-768x432.jpg 768w, https:\/\/lmf.lielaisdzintars.lv\/wp-content\/uploads\/2021\/08\/LMF21_HDTV_1920x1080pix-10-1536x864.jpg 1536w, https:\/\/lmf.lielaisdzintars.lv\/wp-content\/uploads\/2021\/08\/LMF21_HDTV_1920x1080pix-10.jpg 1920w\" sizes=\"auto, (max-width: 1024px) 100vw, 1024px\" \/><\/figure>\n\n\n\n<p><strong>Unik\u0101lu un l\u012bdz \u0161im Latvij\u0101 nedzird\u0113tu m\u0101kslas notikumu \u201cLiep\u0101jas M\u0101kslas forum\u0101\u201d pied\u0101v\u0101s pasaul\u0113 atz\u012btais Latvijas Radio koris un fran\u010du diri\u0123ents Rol\u0101ns Erabedj\u0101ns, aicinot uz lib\u0101nie\u0161u izcelsmes fran\u010du ska\u0146ra\u017ea Zada Multaka ska\u0146\u0101s tverto \u0113\u0123iptie\u0161u atvadu ritu\u0101lu, kas tapis p\u0113c \u201cMiru\u0161o gr\u0101matas\u201d.<\/strong><br><strong><br><\/strong>Latvijas Radio kora profesion\u0101l\u0101 meistar\u012bba, ska\u0146veides kult\u016bra un performances dzi\u013cums ir labi zin\u0101mas v\u0113rt\u012bbas gan Latvijas, gan pasaules korm\u016bzikas ar\u0113n\u0101. \u0160is kolekt\u012bvs ir unik\u0101la profesion\u0101lu dzied\u0101t\u0101ju apvien\u012bba, kas saviem klaus\u012bt\u0101jiem pied\u0101v\u0101 nepieredz\u0113ti pla\u0161u repertu\u0101ru \u2014 no sen\u0101s m\u016bzikas l\u012bdz vissare\u017e\u0123\u012bt\u0101kaj\u0101m m\u016bsdienu komponistu partit\u016br\u0101m, kur\u0101s katrs dzied\u0101t\u0101js k\u013c\u016bst par individu\u0101lu instrumentu \u2014 ar savu person\u012bgu pienesumu kora unik\u0101lajam tembr\u0101lajam apvienojumam.<br>Lib\u0101n\u0101 dzimu\u0161ais m\u0101kslinieks un komponists Zads Multaka n\u0101k no ar\u0101bu te\u0101tra pasaules. Jau visai agr\u0101 jaun\u012bb\u0101 vi\u0146\u0161 p\u0101rc\u0113lies uz Par\u012bzi, kur stud\u0113jis Rietumeiropas kompoz\u012bcijas pamatus. Ta\u010du sav\u0101 dai\u013crad\u0113 no rietumniecisk\u0101 saglab\u0101jis vien strukt\u016bru, kompoz\u012bcijas saturu piepildot ar austrumu pasaulei tuviem t\u0113liem un elementiem. Apjom\u012bgo oratoriju se\u0161padsmit bals\u012bm un elektronikai iedvesmojusi \u0113\u0123iptie\u0161u \u201cMiru\u0161o gr\u0101mata\u201d, kas tiek uzskat\u012bta par m\u016bsu civiliz\u0101cijas sen\u0101ko rakst\u012bto v\u0101rdu. Senie \u0113\u0123iptie\u0161i tic\u0113ju\u0161i, ka paral\u0113li vi\u0146u pasaulei eksist\u0113 v\u0113l k\u0101da cita \u2013 dievu pasaule, un dievi ir p\u0101r\u0101ki par cilv\u0113kiem. Savuk\u0101rt cilv\u0113ka zemes dz\u012bve ir vien da\u013ca no m\u016b\u017e\u012bg\u0101 ce\u013cojuma, kas turpin\u0101s aizsaules dz\u012bv\u0113 \u2013 bezr\u016bp\u012bg\u0101 priek\u0101 un p\u0101rtic\u012bb\u0101. Misticisma pies\u0101tin\u0101taj\u0101 oratorij\u0101 Zads Multaka izgaismojis sen\u0101s \u0112\u0123iptes dievu Iz\u012bdas un Oz\u012brisa kult\u0101 balst\u012bto atvadu ritu\u0101lu, kas slavinot dabas past\u0101v\u012bgo atjauno\u0161anos un n\u0101vi, paver izeju jaunai dz\u012bvei \u2013 cikliskai un m\u016b\u017e\u012bgai m\u012blest\u012bbai. Tamd\u0113\u013c n\u0101ve ir dv\u0113seles ce\u013cojuma beigas tikai tad, ja pati dv\u0113sele laik\u0101 neatrod \u201cizeju uz dienu\u201d.<br>Apjom\u012bgo opusu pas\u016btin\u0101jis un pirmatska\u0146ojis fran\u010du a cappella ansamblis Musicatreize un t\u0101 diri\u0123ents Rol\u0101ns Erabedj\u0101ns, kur\u0161 \u0161oreiz ce\u013cojum\u0101 uz Oz\u012brisa un Iz\u012bdas valst\u012bbu dosies kop\u0101 ar Latvijas Radio kora solistu grupu.<\/p>\n\n\n\n<p>Bet ce\u013cojumu aizs\u0101ks ung\u0101ra \u0122\u0113r\u0123a Ligeti 1966. gad\u0101 rad\u012btais, kosmiski vibr\u0113jo\u0161as atmosf\u0113ras cauraustais Lux aeterna \u2013 M\u016b\u017e\u012bgu gaismu dodi mums, Kungs, kam pamat\u0101 Romas Kato\u013cu bazn\u012bcas sakr\u0101l\u0101s v\u0101rsmas un Ligeti meistar\u012bgi izv\u012bt\u0101 16 balsu mikropolifonija.<strong><br><\/strong><br><strong>Plkst. 18.00 koncertz\u0101les 2. st\u0101va galerij\u0101 aicin\u0101m uz muzikologa D\u0101vja En\u0123e\u013ca vad\u012btu pirmskoncerta sarunu.<br><\/strong><br><strong>INFORM\u0100CIJA APMEKL\u0112T\u0100JIEM:<\/strong><br>Apmekl\u0113jot pas\u0101kumu, pie ieejas l\u016bgsim uzr\u0101d\u012bt covid-19 sertifik\u0101tu, kas apstiprina personas vakcin\u0101ciju pret covid-19 vai min\u0113t\u0101s infekcijas p\u0101rslimo\u0161anu. T\u0101pat l\u016bgsim uzr\u0101d\u012bt ar\u012b personu apliecino\u0161u dokumentu un pas\u0101kuma ieejas bi\u013ceti. Pas\u0101kuma laik\u0101 sejas aizsargmaskas nav j\u0101lieto.<br><br><strong>Bi\u013cetes:&nbsp;<\/strong>no 10,00 eiro. Pas\u0101kumam tuvojoties, bi\u013ce\u0161u cena var tikt main\u012bta.<br><strong>Norises vieta:<\/strong>&nbsp;Liel\u0101 z\u0101le, koncertz\u0101le \u201cLielais dzintars\u201d<br><strong>Norises ilgums:&nbsp;<\/strong>1 stunda 30 min\u016btes<br><strong>Organiz\u0113:<\/strong>&nbsp;Lielais dzintars<br><strong>Atbalsta:<\/strong>&nbsp;Liep\u0101jas pa\u0161vald\u012bba un Valsts Kult\u016brkapit\u0101la fonds<em><br><\/em><\/p>\n\n\n\n<p><em><strong>Atlaides:<\/strong><\/em><br><em>Skol\u0113niem, studentiem, pasniedz\u0113jiem, pension\u0101riem \u2013 25%<\/em><br><em>Person\u0101m ar I un II grupas invalidit\u0101ti, k\u0101 ar\u012b vi\u0146u pavado\u0146iem \u2013 50%<\/em><br><em>\u0122imenes bi\u013cetes 1 vai 2 pieaugu\u0161ie + 2 b\u0113rni (vai vair\u0101k) \u2013 25% (pieejama tikai kas\u0113s).<\/em><br><em>Apmekl\u0113jot koncertu, apmekl\u0113t\u0101jam ir j\u0101uzr\u0101da atlaidi apliecino\u0161s dokuments.<\/em><\/p>\n\n\n\n<p><em><strong>Grupu bi\u013cetes:<\/strong><\/em><br><em>10-30 personas \u2013 20%<\/em><br><em>30 un vair\u0101k personas -25%<\/em><\/p>\n\n\n\n<div class=\"wp-block-buttons is-layout-flex wp-block-buttons-is-layout-flex\">\n<div class=\"wp-block-button\"><a class=\"wp-block-button__link has-background\" href=\"https:\/\/www.bilesuparadize.lv\/lv\/event\/100576\" style=\"background-color:#da3d64\">P\u0112R BI\u013bETES<\/a><\/div>\n<\/div>\n\n\n\n<div class=\"wp-block-buttons is-layout-flex wp-block-buttons-is-layout-flex\"><\/div>\n","protected":false},"excerpt":{"rendered":"<p>Unik\u0101lu un l\u012bdz \u0161im Latvij\u0101 nedzird\u0113tu m\u0101kslas notikumu \u201cLiep\u0101jas M\u0101kslas forum\u0101\u201d pied\u0101v\u0101s pasaul\u0113 atz\u012btais Latvijas Radio koris un fran\u010du diri\u0123ents Rol\u0101ns Erabedj\u0101ns, aicinot uz lib\u0101nie\u0161u izcelsmes fran\u010du ska\u0146ra\u017ea Zada Multaka ska\u0146\u0101s tverto \u0113\u0123iptie\u0161u atvadu ritu\u0101lu, kas tapis p\u0113c \u201cMiru\u0161o gr\u0101matas\u201d.Latvijas Radio kora profesion\u0101l\u0101 meistar\u012bba, ska\u0146veides&#8230;<\/p>\n","protected":false},"author":1,"featured_media":0,"parent":0,"menu_order":0,"comment_status":"closed","ping_status":"closed","template":"","meta":{"footnotes":""},"class_list":["post-1032","page","type-page","status-publish","hentry"],"_links":{"self":[{"href":"https:\/\/lmf.lielaisdzintars.lv\/index.php\/wp-json\/wp\/v2\/pages\/1032","targetHints":{"allow":["GET"]}}],"collection":[{"href":"https:\/\/lmf.lielaisdzintars.lv\/index.php\/wp-json\/wp\/v2\/pages"}],"about":[{"href":"https:\/\/lmf.lielaisdzintars.lv\/index.php\/wp-json\/wp\/v2\/types\/page"}],"author":[{"embeddable":true,"href":"https:\/\/lmf.lielaisdzintars.lv\/index.php\/wp-json\/wp\/v2\/users\/1"}],"replies":[{"embeddable":true,"href":"https:\/\/lmf.lielaisdzintars.lv\/index.php\/wp-json\/wp\/v2\/comments?post=1032"}],"version-history":[{"count":6,"href":"https:\/\/lmf.lielaisdzintars.lv\/index.php\/wp-json\/wp\/v2\/pages\/1032\/revisions"}],"predecessor-version":[{"id":1224,"href":"https:\/\/lmf.lielaisdzintars.lv\/index.php\/wp-json\/wp\/v2\/pages\/1032\/revisions\/1224"}],"wp:attachment":[{"href":"https:\/\/lmf.lielaisdzintars.lv\/index.php\/wp-json\/wp\/v2\/media?parent=1032"}],"curies":[{"name":"wp","href":"https:\/\/api.w.org\/{rel}","templated":true}]}}